1e?
f
In base 13, what is -6a5 + 2?
-6a3
In base 12, what is -8b - -3?
-88
In base 16, what is -c94 + 1?
-c93
In base 13, what is 18 + a?
25
In base 5, what is 3 + -10024?
-10021
In base 11, what is 10 - 57?
-47
In base 12, what is -1 - 232?
-233
In base 6, what is 2 + -13550?
-13544
In base 6, what is -214 - 2?
-220
In base 13, what is 1 + 64c?
650
In base 11, what is -2674 + -4?
-2678
In base 2, what is -1 - -111001011?
111001010
In base 5, what is 10 + 2242?
2302
In base 16, what is 1c + 8?
24
In base 15, what is 55 - -91?
e6
In base 10, what is -16 + 87?
71
In base 3, what is 1211012 + -2?
1211010
In base 3, what is 20022 + -10?
20012
In base 11, what is 3 - -946?
949
In base 3, what is 12 + 1220?
2002
In base 9, what is -10812 + 7?
-10804
In base 3, what is -22 - 2220?
-10012
In base 4, what is -2002 + 11?
-1331
In base 8, what is 1016 - -25?
1043
In base 11, what is 25 - -110?
135
In base 5, what is 34 + -3330?
-3241
In base 10, what is -63 + 0?
-63
In base 11, what is 2 - -114?
116
In base 14, what is 62c - -4?
632
In base 15, what is -81 - -12?
-6e
In base 16, what is 2c + 0?
2c
In base 4, what is -1100 + 0?
-1100
In base 11, what is 10 - 886?
-876
In base 12, what is -5 - -15b?
156
In base 8, what is 5 + 2774?
3001
In base 8, what is 1 + -157?
-156
In base 6, what is 1140 - 0?
1140
In base 15, what is 4 - 96?
-92
In base 10, what is 4627 + 5?
4632
In base 5, what is 4 - 34?
-30
In base 7, what is 6010 + 0?
6010
In base 16, what is 1 + -a2?
-a1
In base 9, what is -4 + 2213?
2208
In base 14, what is 20a - -1?
20b
In base 7, what is 251 + 5?
256
In base 16, what is -273d + 3?
-273a
In base 9, what is -586 - -71?
-515
In base 6, what is 44 - 11?
33
In base 11, what is -32 - -9?
-24
In base 11, what is -855 + -2?
-857
In base 14, what is -1400 + -2?
-1402
In base 16, what is 4 + b9?
bd
In base 10, what is 2891 - 2?
2889
In base 13, what is -221 + 2?
-21c
In base 14, what is -3a4 + c?
-396
In base 2, what is -10100011 + -1001?
-10101100
In base 2, what is -111010 - -10?
-111000
In base 6, what is -1550 - 5?
-1555
In base 13, what is 38 + -b?
2a
In base 9, what is 425 + -4?
421
In base 4, what is 130 - 22112?
-21322
In base 3, what is -1210 - 1?
-1211
In base 4, what is 0 - 203130?
-203130
In base 15, what is 2 + 746?
748
In base 8, what is -3 + -33?
-36
In base 8, what is 13 + 16?
31
In base 13, what is -2 + -72?
-74
In base 6, what is 15455 + -1?
15454
In base 10, what is 4244 - 2?
4242
In base 6, what is 0 - -2221?
2221
In base 2, what is -100111010101 - 11?
-100111011000
In base 13, what is 67 + -5?
62
In base 2, what is -10100 - -100?
-10000
In base 8, what is -7512 + -3?
-7515
In base 13, what is -4a - 6?
-53
In base 12, what is 16 - 64a?
-634
In base 3, what is 12 - 222?
-210
In base 8, what is -1375 + -4?
-1401
In base 2, what is 101 + -110111?
-110010
In base 13, what is 7 - 2c?
-25
In base 5, what is -10 - -14313?
14303
In base 11, what is -2 + -76?
-78
In base 11, what is a16 + -2?
a14
In base 8, what is 2722 + -5?
2715
In base 5, what is 1 + 21122?
21123
In base 6, what is -2142 - 0?
-2142
In base 4, what is -1 + 102101?
102100
In base 6, what is 355 - -5?
404
In base 12, what is -1664 + 0?
-1664
In base 6, what is -251 - -102?
-145
In base 12, what is -1479 - 0?
-1479
In base 5, what is -2302 - -1?
-2301
In base 3, what is 22200 + -2?
22121
In base 16, what is 1 + -4d?
-4c
In base 7, what is 50 - 5?
42
In base 15, what is 734 + 1?
735
In base 14, what is -7 - -1177?
1170
In base 7, what is 4 - 100?
-63
In base 4, what is 2222 + 2?
2230
In base 6, what is 441 + 1?
442
In base 14, what is -252 + 4?
-24c
In base 3, what is -11 - 120?
-201
In base 11, what is 6 + -253?
-248
In base 7, what is -1 + 5211?
5210
In base 16, what is -3 - 2b?
-2e
In base 13, what is 7 + 54?
5b
In base 6, what is -4 + 1334?
1330
In base 6, what is 12032 - 5?
12023
In base 10, what is 18 - -40?
58
In base 12, what is 1 - 136?
-135
In base 11, what is -5 - 8?
-12
In base 11, what is -479 + 4?
-475
In base 15, what is -12 + -3a?
-4c
In base 2, what is -1 + 10011100111?
10011100110
In base 10, what is -2 - 2?
-4
In base 11, what is -4 - 56?
-5a
In base 9, what is -625 - 5?
-631
In base 11, what is 4089 - -3?
4091
In base 3, what is 1000101020 - 11?
1000101002
In base 3, what is 1 + -1022101?
-1022100
In base 16, what is -1 - 7a?
-7b
In base 3, what is 2120010 + -12?
2112221
In base 12, what is -468 + 7?
-461
In base 11, what is 3a28 - 0?
3a28
In base 4, what is 3100 - 10?
3030
In base 13, what is 1 + 25?
26
In base 6, what is 45 + -111?
-22
In base 11, what is -27 + 28?
1
In base 13, what is -4 - 460?
-464
In base 14, what is 8 - -29?
33
In base 13, what is -187a + 3?
-1877
In base 6, what is -344 + 1?
-343
In base 11, what is 103 + -a0?
13
In base 3, what is 12 - 210?
-121
In base 11, what is -2 - -79?
77
In base 15, what is 20 - -7?
27
In base 11, what is -a38 + -3?
-a40
In base 15, what is 1 + 4d?
4e
In base 6, what is -313 + -3?
-320
In base 12, what is -174 + 4?
-170
In base 8, what is 26 + 0?
26
In base 11, what is -4 + -914?
-918
In base 9, what is -173 + -117?
-301
In base 16, what is 103 - b?
f8
In base 8, what is -3 - 4?
-7
In base 16, what is 56c + -5?
567
In base 13, what is -5 - -b9c?
b97
In base 7, what is -432 - -1?
-431
In base 16, what is -3c + -5?
-41
In base 2, what is -11010100 - 10?
-11010110
In base 7, what is -21 + 20?
-1
In base 8, what is 3 + -4167?
-4164
In base 15, what is -4643 + 0?
-4643
In base 4, what is -133 - -21?
-112
In base 4, what is 1 - -32320?
32321
In base 15, what is -7 + -32?
-39
In base 16, what is -1f12 - 5?
-1f17
In base 15, what is 2063 - -4?
2067
In base 10, what is -1803 - 4?
-1807
In base 12, what is -1 + 5a?
59
In base 3, what is 1112000 + 100?
1112100
In base 10, what is -1741 + 2?
-1739
In base 4, what is 22201 + 1?
22202
In base 9, what is -108 - -7?
-101
In base 8, what is -101 - -6?
-73
In base 9, what is -5 + 4587?
4582
In base 6, what is -2 + 112?
110
In base 12, what is 1 + -1037?
-1036
In base 7, what is -2 + -5615?
-5620
In base 2, what is -101 - -11001010?
11000101
In base 9, what is 3 + 308?
312
In base 10, what is -9 + 16?
7
In base 15, what is a - -1c?
27
In base 7, what is -4 - -54?
50
In base 6, what is 235000 - -3?
235003
In base 6, what is 3 + -132?
-125
In base 14, what is 2 + ba8?
baa
In base 5, what is -10 + 144400?
144340
In base 14, what is 349 - 6?
343
In base 8, what is 1 - 27?
-26
In base 12, what is 3 + 88b?
892
In base 16, what is -44 - 5?
-49
In base 3, what is 211011 - 0?
211011
In base 16, what is 14 + -1?
13
In base 9, what is 820 + -13?
806
In base 10, what is 134 + -231?
-97
In base 9, what is -1453 + -3?
-1456
In base 10, what is -17 - 6?
-23
In base 14, what is -22a8 + 5?
-22a3
In base 8, what is 1573 - 1?
1572
In base 2, what is 110011001 - -11100?
110110101
In base 7, what is 3 - -223?
226
In base 5, what is 40142 + -10?
40132
In base 9, what is -23 - 76?
-110
In base 6, what is 42 + 23?
105
In base 11, what is -7 - 125?
-131
In base 10, what is -3 - -1?
-2
In base 6, what is 1 + -4?
-3
In base 15, what is 6 - 46e?
-468
In base 6, what is -12 - 110?
-122
In base 11, what is 5 - -4a?
54
In base 15, what is -4de + 0?
-4de
In base 10, what is 14 - 12?
2
In base 8, what is 1 - -46?
47
In base 7, what is -2 - 2105?
-2110
In base 11, what is 0 + -779?
-779
In base 3, what is 21 - 11010220?
-11010122
In base 4, what is 3110310 + 1?
3110311
In base 4, what is -201 + -11?
-212
In base 3, what is 2112202 + 10?
2112212
In base 15, what is -101 - 0?
-101
In base 7, what is -150 + 1?
-146
In base 16, what is -5 + 14d?
148
In base 7, what is -1312 + 5?
-1304
In base 12, what is -75 - 0?
-75
In base 6, what is 11 + 43?
54
In base 10, what is -18 + 1099?
1081
In base 7, what is 2241 + -5?
2233
In base 8, what is 5 - 2560?
-2553
In base 8, what is 31 + -733?
-702
In base 10, what is 2 + -327?
-325
In base 15, what is -5 + -d74?
-d79
In base 10, what is -138 - 1?
-139
In base 12, what is 1315 + 5?
131a
In base 8, what is -15343 + -5?
-15350
In base 10, what is 322 - -2?
324
In base 12, what is 86 - 33?
53
In base 7, what is -361 + 3?
-355
In base 2, what is -101 + -110100?
-111001
In base 8, what is 513 - 5?
506
In base 10, what is -5 - 125?
-130
In base 13, what is -203 - 3?
-206
In ba